{"id":12,"date":"2014-12-10T01:21:42","date_gmt":"2014-12-10T01:21:42","guid":{"rendered":"http:\/\/estudioshistoricos.inah.gob.mx\/?page_id=12"},"modified":"2024-01-31T17:03:01","modified_gmt":"2024-01-31T23:03:01","slug":"quienes-somos","status":"publish","type":"page","link":"https:\/\/estudioshistoricos.inah.gob.mx\/?page_id=12","title":{"rendered":"Qui\u00e9nes somos"},"content":{"rendered":"<p style=\"text-align: justify;\">En 1959 Don Wigberto Jim\u00e9nez Moreno fund\u00f3 el Departamento de Investigaciones Hist\u00f3ricas, mismo que se convertir\u00eda en Direcci\u00f3n veinte a\u00f1os m\u00e1s tarde. El anexo al Castillo de Chapultepec fue la sede de la DEH hasta el a\u00f1o 2000, cuando se mud\u00f3 a sus oficinas actuales de Tlalpan. El Mtro. Manuel Arellano, la Dra. Betriz Braniff, la Dra. Mar\u00eda Antonieta Cervantes, la Mtra. Josefina Gonz\u00e1lez, la Mtra. Isabel Gonz\u00e1lez, la Mtra. Mar\u00eda Teresa Huerta, la Mtra. Celia Maldonado, la Dra. Eugenia Meyer, la Mtra. Alicia Olivera y la Mtra. Mar\u00eda de la Luz Parcero fueron los investigadores fundadores, quienes se dedicaron en aquellos a\u00f1os principalmente al estudio de la historia prehisp\u00e1nica.<\/p>\n<p style=\"text-align: justify;\">En 1971 el Dr. Enrique Florescano fue nombrado director del Departamento y fund\u00f3 una serie de seminarios tem\u00e1ticos que, por a\u00f1os, indicar\u00edan las l\u00edneas de investigaci\u00f3n que han caracterizado a la DEH. Entre los seminarios se cuentan los siguientes: Historia de la Cultura; Historia de la Formaci\u00f3n de Grupos y Clases Sociales; Seminario de Cambios Socioecon\u00f3micos; de Historiograf\u00eda Pol\u00edtica; de Historia de la Agricultura; de Desarrollo Econ\u00f3mico; de Historiograf\u00eda Social; de Historia de las Mentalidades; seminario de Historia Urbana; seminario de Historia del Arte.<\/p>\n<p><img loading=\"lazy\" decoding=\"async\" class=\"aligncenter size-full wp-image-13\" src=\"https:\/\/estudioshistoricos.inah.gob.mx\/wp-content\/uploads\/deh_inicio02.gif\" alt=\"deh_inicio02\" width=\"650\" height=\"488\" \/><\/p>\n<p style=\"text-align: justify;\">Durante la d\u00e9cada de los setentas y hasta mediados de la d\u00e9cada de los ochentas, la DEH vio crecer notablemente el n\u00famero de investigadores y seminarios, llegando a contar con alrededor de 90 investigadores. El seminario de historia oral, el de inmigrantes y el de historia de las mujeres, son ejemplo de esta \u0093segunda oleada\u0094 que incorpor\u00f3 nuevos temas a los que ya se desarrollaban.<\/p>\n<p style=\"text-align: justify;\">Entre 1983 y 1984 la direcci\u00f3n estuvo a cargo de Francisco P\u00e9rez Arce. En ese per\u00edodo, a las labores de investigaci\u00f3n la DEH sum\u00f3 las de difusi\u00f3n. De esos a\u00f1os data, del mismo modo, la organizaci\u00f3n en dos \u00e1reas: la de Historia colonial y del siglo XIX, por un lado, y la de Historia Contempor\u00e1nea, por otra, vigentes hasta hoy.<\/p>\n<p style=\"text-align: justify;\">Entre 1985 y 1989 fue Teresa Franco la directora de la DEH. Los terremotos de septiembre casi inauguraron su gesti\u00f3n y convocaron a los investigadores a una vinculaci\u00f3n in\u00e9dita hasta entonces con la ciudadan\u00eda damnificada de la ciudad. En esos a\u00f1os se termin\u00f3 una primera versi\u00f3n, m\u00e1s o menos acabada, del reglamento interno. Este contempla figuras de decisi\u00f3n tales como los Consejos Acad\u00e9micos de Area, el Consejo T\u00e9cnico, las Comisiones Editorial, de Admisi\u00f3n y Evaluaci\u00f3n, y la Asamblea General.<\/p>\n<p style=\"text-align: justify;\">De 1989 a 1995 fue director Antonio Saborit. La vida acad\u00e9mica de la direcci\u00f3n fue muy activa, logr\u00e1ndose la coordinaci\u00f3n de proyectos de investigaci\u00f3n colectiva como el de Papeles de Familia, entre otros.<\/p>\n<p style=\"text-align: justify;\">De 1995 al 2001 la Direcci\u00f3n estuvo a cargo de Salvador Rueda Smithers. A partir de una revisi\u00f3n del reglamento interno, se introdujo la modalidad de participaci\u00f3n de los investigadores a trav\u00e9s de proyectos individuales y la disoluci\u00f3n de los seminarios como instancia de votaci\u00f3n en la toma de decisiones colectivas. Paralelamente empezaron a proliferar talleres, seminarios y actividades acad\u00e9micas que vinculan transversalmente a investigadores con objetivos espec\u00edficos. Esto \u00faltimo, as\u00ed como el desarrollo \u00f3ptimo de la labor de investigaci\u00f3n ha tenido lugar, sin duda, gracias a la comodidad, funcionalidad y belleza de las instalaciones que se lograron durante esta gesti\u00f3n.<\/p>\n<p style=\"text-align: justify;\">Entre el 2002 y el 2007 la Direcci\u00f3n fue presidida por la Lic. Ruth Arboleyda Castro.<\/p>\n<p style=\"text-align: justify;\">De 2007 a 2010\u00a0 el director fue el Dr. Arturo Sober\u00f3n Mora.<\/p>\n<p style=\"text-align: justify;\">De 2010 a 2013 la\u00a0 Direcci\u00f3n estuvo a cargo de la Dra. In\u00e9s Herrera Canales.<\/p>\n<p style=\"text-align: justify;\">Del 2013 al 2016 nuestro director fue el Mtro. Luis Barjau.<\/p>\n<p>Del 2017 al 2019 la directora fue la Mtra. Mar\u00eda Eugenia del Valle Prieto.<\/p>\n<p style=\"text-align: justify;\">Del 2020 a la fecha la Direcci\u00f3n est\u00e1 a cargo de la Dra. Delia Salazar Anaya.<\/p>\n","protected":false},"excerpt":{"rendered":"<p>En 1959 Don Wigberto Jim\u00e9nez Moreno fund\u00f3 el Departamento de Investigaciones Hist\u00f3ricas, mismo que se convertir\u00eda en Direcci\u00f3n veinte a\u00f1os m\u00e1s tarde. El anexo al Castillo de Chapultepec fue la sede de la DEH hasta el a\u00f1o 2000, cuando se mud\u00f3 a sus oficinas actuales de Tlalpan. El Mtro. Manuel&#8230; <a class=\"continue-reading-link\" href=\"https:\/\/estudioshistoricos.inah.gob.mx\/?page_id=12\">Seguir leyendo<\/a><\/p>\n","protected":false},"author":1,"featured_media":0,"parent":0,"menu_order":1,"comment_status":"closed","ping_status":"closed","template":"","meta":{"footnotes":""},"class_list":["post-12","page","type-page","status-publish","hentry"],"_links":{"self":[{"href":"https:\/\/estudioshistoricos.inah.gob.mx\/index.php?rest_route=\/wp\/v2\/pages\/12","targetHints":{"allow":["GET"]}}],"collection":[{"href":"https:\/\/estudioshistoricos.inah.gob.mx\/index.php?rest_route=\/wp\/v2\/pages"}],"about":[{"href":"https:\/\/estudioshistoricos.inah.gob.mx\/index.php?rest_route=\/wp\/v2\/types\/page"}],"author":[{"embeddable":true,"href":"https:\/\/estudioshistoricos.inah.gob.mx\/index.php?rest_route=\/wp\/v2\/users\/1"}],"replies":[{"embeddable":true,"href":"https:\/\/estudioshistoricos.inah.gob.mx\/index.php?rest_route=%2Fwp%2Fv2%2Fcomments&post=12"}],"version-history":[{"count":7,"href":"https:\/\/estudioshistoricos.inah.gob.mx\/index.php?rest_route=\/wp\/v2\/pages\/12\/revisions"}],"predecessor-version":[{"id":10911,"href":"https:\/\/estudioshistoricos.inah.gob.mx\/index.php?rest_route=\/wp\/v2\/pages\/12\/revisions\/10911"}],"wp:attachment":[{"href":"https:\/\/estudioshistoricos.inah.gob.mx\/index.php?rest_route=%2Fwp%2Fv2%2Fmedia&parent=12"}],"curies":[{"name":"wp","href":"https:\/\/api.w.org\/{rel}","templated":true}]}}