{"id":17,"date":"2014-12-10T01:25:23","date_gmt":"2014-12-10T01:25:23","guid":{"rendered":"http:\/\/estudioshistoricos.inah.gob.mx\/?page_id=17"},"modified":"2023-09-26T12:55:26","modified_gmt":"2023-09-26T17:55:26","slug":"biblioteca","status":"publish","type":"page","link":"https:\/\/estudioshistoricos.inah.gob.mx\/?page_id=17","title":{"rendered":"Biblioteca"},"content":{"rendered":"<div id=\"attachment_120\" style=\"width: 310px\" class=\"wp-caption alignright\"><a href=\"https:\/\/bibliotecas.inah.gob.mx\/BMOB16\" target=\"_blank\" rel=\"noopener noreferrer\"><img loading=\"lazy\" decoding=\"async\" aria-describedby=\"caption-attachment-120\" class=\"wp-image-120 size-medium\" src=\"https:\/\/estudioshistoricos.inah.gob.mx\/wp-content\/uploads\/catalogo-biblio-300x226.jpg\" alt=\"catalogo biblioteca\" width=\"300\" height=\"226\" srcset=\"https:\/\/estudioshistoricos.inah.gob.mx\/wp-content\/uploads\/catalogo-biblio-300x226.jpg 300w, https:\/\/estudioshistoricos.inah.gob.mx\/wp-content\/uploads\/catalogo-biblio-398x300.jpg 398w, https:\/\/estudioshistoricos.inah.gob.mx\/wp-content\/uploads\/catalogo-biblio.jpg 637w\" sizes=\"auto, (max-width: 300px) 100vw, 300px\" \/><\/a><p id=\"caption-attachment-120\" class=\"wp-caption-text\">Para acceder el cat\u00e1logo, d\u00e9 clic sobre la imagen.<\/p><\/div>\n<p><em>Biblioteca &#8220;Manuel Orozco y Berra&#8221;<\/em><\/p>\n<ul>\n<li><em>Datos Generales<\/em><br \/>\nDirecci\u00f3n de Estudios Hist\u00f3ricos INAH<br \/>\nAllende No. 172, Tlalpan Centro,<br \/>\nAlcald\u00eda Tlalpan,\u00a0 C.P. 14000, Ciudad de M\u00e9xico<br \/>\nTels. 55 7090 4808, 55 7090 0890 exts. 411025 \u0096 411029<br \/>\nbiblioteca.deh@inah.gob.mx<\/li>\n<\/ul>\n<ul>\n<li><em>Historia<\/em><br \/>\nLa Biblioteca &#8220;Manuel Orozco y Berra&#8221; se cre\u00f3 en 1945 como parte del Centro de Documentaci\u00f3n de Museo Nacional de Historia, ubicado en el Castillo de Chapultepec. Ah\u00ed permaneci\u00f3 hasta 1958 a\u00f1o en que se fund\u00f3 el Departamento de Investigaciones Hist\u00f3ricas del INAH y pas\u00f3 a formar parte de \u00e9ste, traslad\u00e1ndose al edificio anexo al Castillo. En julio del a\u00f1o 2000 la actual Direcci\u00f3n de Estudios Hist\u00f3ricos y su Biblioteca cambi\u00f3 su sede a la calle de Allende No. 172, en Tlalpan.<\/li>\n<\/ul>\n<ul>\n<li><em>Objetivos<\/em><br \/>\nLa Biblioteca tiene por objetivo proporcionar informaci\u00f3n y materiales bibliogr\u00e1ficos y documentales para las actividades acad\u00e9micas de la DEH y irradia sus servicios a usuarios externos.<\/li>\n<\/ul>\n<ul>\n<li><em>Caracter\u00edsticas<\/em><br \/>\nCuenta con un acervo especializado en Historia de M\u00e9xico de cerca de 70 mil unidades en diversos soportes, desde el manuscrito hasta el DVD. La bibliograf\u00eda hist\u00f3rica se complementa con obras referentes a las Ciencias Sociales.<\/li>\n<\/ul>\n<ul>\n<li><em>Acervo<\/em><br \/>\nEl acervo est\u00e1 integrado por las colecciones:<\/li>\n<\/ul>\n<blockquote><p>\u00b7Referencia o consulta<br \/>\nFormado por enciclopedias, diccionarios, atlas, directorios, \u00edndices y bases de datos.<\/p>\n<p>\u00b7Libros, folletos sobretiros<br \/>\nPublicaciones cuyo a\u00f1o de edici\u00f3n es posterior a 1950.<\/p>\n<p>\u00b7Publicaciones peri\u00f3dicas<br \/>\nRevistas especializadas en Historia y otros temas relacionados.<\/p>\n<p>\u00b7Fondo reservado<br \/>\nPublicaciones antiguas, raras y valiosas del siglo XVII a las primeras d\u00e9cadas del XX.<\/p>\n<p>\u00b7Testimonios orales<br \/>\nEntrevistas orales de diversos proyectos.<\/p>\n<p>\u00b7Papeles de familia<br \/>\nCartas, diarios, memorias, fotograf\u00edas, donados por particulares.<\/p>\n<p>\u00b7Archivos hist\u00f3ricos<br \/>\nDocumentos manuscritos e impresos de lo siglos XVI al XX.<\/p>\n<p>\u00b7Micropel\u00edculas<br \/>\nArchivos hist\u00f3ricos y revistas.<\/p>\n<p>\u00b7Fotograf\u00edas<br \/>\nDiapositivas y fotograf\u00edas sobre arte y arquitectura mexicana, as\u00ed como de inmuebles hist\u00f3ricos del Centro de la ciudad de M\u00e9xico.<\/p>\n<p>\u00b7Mapas<br \/>\nCartas geogr\u00e1ficas b\u00e1sicamente de M\u00e9xico.<\/p>\n<p>\u00b7Discos compactos<br \/>\nCat\u00e1logos, libros digitalizados y base de datos.<\/p>\n<p>\u00b7Videos<br \/>\nIntegrado por documentales varios.<\/p><\/blockquote>\n<ul>\n<li><em>Servicios<\/em><\/li>\n<\/ul>\n<blockquote><p>* Pr\u00e9stamos en sala, a domicilio e interbibliotecario.<br \/>\n* Fotocopiado, microfilmaci\u00f3n, escaneado<br \/>\n* Los usuarios externos deben presentar credencial actualizada.<\/p><\/blockquote>\n<ul>\n<li><em>Horario<\/em><br \/>\nLunes a viernes de 9:00 a 18:00 hrs.<\/li>\n<\/ul>\n","protected":false},"excerpt":{"rendered":"<p>Biblioteca &#8220;Manuel Orozco y Berra&#8221; Datos Generales Direcci\u00f3n de Estudios Hist\u00f3ricos INAH Allende No. 172, Tlalpan Centro, Alcald\u00eda Tlalpan,\u00a0 C.P. 14000, Ciudad de M\u00e9xico Tels. 55 7090 4808, 55 7090 0890 exts. 411025 \u0096 411029 biblioteca.deh@inah.gob.mx Historia La Biblioteca &#8220;Manuel Orozco y Berra&#8221; se cre\u00f3 en 1945 como parte del&#8230; <a class=\"continue-reading-link\" href=\"https:\/\/estudioshistoricos.inah.gob.mx\/?page_id=17\">Seguir leyendo<\/a><\/p>\n","protected":false},"author":1,"featured_media":0,"parent":0,"menu_order":3,"comment_status":"closed","ping_status":"closed","template":"","meta":{"footnotes":""},"class_list":["post-17","page","type-page","status-publish","hentry"],"_links":{"self":[{"href":"https:\/\/estudioshistoricos.inah.gob.mx\/index.php?rest_route=\/wp\/v2\/pages\/17","targetHints":{"allow":["GET"]}}],"collection":[{"href":"https:\/\/estudioshistoricos.inah.gob.mx\/index.php?rest_route=\/wp\/v2\/pages"}],"about":[{"href":"https:\/\/estudioshistoricos.inah.gob.mx\/index.php?rest_route=\/wp\/v2\/types\/page"}],"author":[{"embeddable":true,"href":"https:\/\/estudioshistoricos.inah.gob.mx\/index.php?rest_route=\/wp\/v2\/users\/1"}],"replies":[{"embeddable":true,"href":"https:\/\/estudioshistoricos.inah.gob.mx\/index.php?rest_route=%2Fwp%2Fv2%2Fcomments&post=17"}],"version-history":[{"count":12,"href":"https:\/\/estudioshistoricos.inah.gob.mx\/index.php?rest_route=\/wp\/v2\/pages\/17\/revisions"}],"predecessor-version":[{"id":10300,"href":"https:\/\/estudioshistoricos.inah.gob.mx\/index.php?rest_route=\/wp\/v2\/pages\/17\/revisions\/10300"}],"wp:attachment":[{"href":"https:\/\/estudioshistoricos.inah.gob.mx\/index.php?rest_route=%2Fwp%2Fv2%2Fmedia&parent=17"}],"curies":[{"name":"wp","href":"https:\/\/api.w.org\/{rel}","templated":true}]}}